{"id":632,"date":"2025-07-26T10:33:17","date_gmt":"2025-07-26T08:33:17","guid":{"rendered":"http:\/\/oqhyudr.cluster100.hosting.ovh.net\/?page_id=632"},"modified":"2025-08-03T16:06:36","modified_gmt":"2025-08-03T14:06:36","slug":"cours-de-musique-adapte","status":"publish","type":"page","link":"https:\/\/berangere-musique.fr\/index.php\/cours-de-musique-adapte\/","title":{"rendered":"Cours de musique adapt\u00e9"},"content":{"rendered":"\t\t<div data-elementor-type=\"wp-page\" data-elementor-id=\"632\" class=\"elementor elementor-632\">\n\t\t\t\t<div class=\"elementor-element elementor-element-996a249 e-con-full e-flex e-con e-parent\" data-id=\"996a249\" data-element_type=\"container\">\n\t\t\t\t<div class=\"elementor-element elementor-element-76af1a76 elementor-widget elementor-widget-text-editor\" data-id=\"76af1a76\" data-element_type=\"widget\" data-widget_type=\"text-editor.default\">\n\t\t\t\t\t\t\t\t\t<p style=\"text-align: center;\">Ces cours s&rsquo;adressent aux personnes en situation de handicap souhaitant apprendre un instrument. Ma formation de musicoth\u00e9rapeute et de p\u00e9dagogue me permet de m&rsquo;adapter \u00e0 tous et \u00e0 toutes.<\/p>\n<p style=\"text-align: center;\">L&rsquo;accompagnement et les m\u00e9thodes propos\u00e9s peuvent varier en fonction de l&rsquo;\u00e9l\u00e8ve.<\/p>\n<p style=\"text-align: center;\">Les objectifs d&rsquo;apprentissages sont fix\u00e9s et d\u00e9finis avec l&rsquo;\u00e9l\u00e8ve d\u00e8s les premi\u00e8res s\u00e9ances.<\/p>\n<p><!-- \/wp:paragraph --><!-- wp:paragraph --><\/p>\n<p><span style=\"text-decoration: underline;\"><strong>Instruments propos\u00e9s<\/strong><\/span>:<\/p>\n<ul>\n<li>Accord\u00e9on\u00a0\u00a0\u00a0\u00a0\u00a0\u00a0\u00a0\u00a0\u00a0 <img fetchpriority=\"high\" decoding=\"async\" class=\"size-medium wp-image-664 alignright\" src=\"http:\/\/oqhyudr.cluster100.hosting.ovh.net\/wp-content\/uploads\/2025\/07\/IMG_49591-225x300.jpg\" alt=\"\" width=\"225\" height=\"300\" srcset=\"https:\/\/berangere-musique.fr\/wp-content\/uploads\/2025\/07\/IMG_49591-225x300.jpg 225w, https:\/\/berangere-musique.fr\/wp-content\/uploads\/2025\/07\/IMG_49591-768x1024.jpg 768w, https:\/\/berangere-musique.fr\/wp-content\/uploads\/2025\/07\/IMG_49591-1152x1536.jpg 1152w, https:\/\/berangere-musique.fr\/wp-content\/uploads\/2025\/07\/IMG_49591-1536x2048.jpg 1536w, https:\/\/berangere-musique.fr\/wp-content\/uploads\/2025\/07\/IMG_49591-scaled.jpg 1920w\" sizes=\"(max-width: 225px) 100vw, 225px\" \/><\/li>\n<li>Piano<\/li>\n<li>Batterie\/percussions<\/li>\n<\/ul>\n<p>\u00a0<\/p>\n<ul>\n<li>\n<h6><span style=\"text-decoration: underline;\"><strong>Tarifs: <\/strong><\/span><\/h6>\n<\/li>\n<\/ul>\n<h6>-30 euros\/1 heure de cours<\/h6>\n<h6>-15h euros\/30 min de cours<\/h6>\n<h6>-265 euros pour 10 cours.<\/h6>\n<p><!-- \/wp:paragraph --><\/p>\n<p>\u00a0<\/p>\t\t\t\t\t\t\t\t<\/div>\n\t\t\t\t<\/div>\n\t\t\t\t<\/div>\n\t\t","protected":false},"excerpt":{"rendered":"<p>Ces cours s&rsquo;adressent aux personnes en situation de handicap souhaitant apprendre un instrument. Ma formation de musicoth\u00e9rapeute et de p\u00e9dagogue me permet de m&rsquo;adapter \u00e0 tous et \u00e0 toutes. L&rsquo;accompagnement et les m\u00e9thodes propos\u00e9s peuvent varier en fonction de l&rsquo;\u00e9l\u00e8ve. Les objectifs d&rsquo;apprentissages sont fix\u00e9s et d\u00e9finis avec l&rsquo;\u00e9l\u00e8ve d\u00e8s les premi\u00e8res s\u00e9ances. Instruments propos\u00e9s: [&hellip;]<\/p>\n","protected":false},"author":1,"featured_media":0,"parent":0,"menu_order":0,"comment_status":"closed","ping_status":"closed","template":"","meta":{"footnotes":""},"class_list":["post-632","page","type-page","status-publish","hentry"],"_links":{"self":[{"href":"https:\/\/berangere-musique.fr\/index.php\/wp-json\/wp\/v2\/pages\/632","targetHints":{"allow":["GET"]}}],"collection":[{"href":"https:\/\/berangere-musique.fr\/index.php\/wp-json\/wp\/v2\/pages"}],"about":[{"href":"https:\/\/berangere-musique.fr\/index.php\/wp-json\/wp\/v2\/types\/page"}],"author":[{"embeddable":true,"href":"https:\/\/berangere-musique.fr\/index.php\/wp-json\/wp\/v2\/users\/1"}],"replies":[{"embeddable":true,"href":"https:\/\/berangere-musique.fr\/index.php\/wp-json\/wp\/v2\/comments?post=632"}],"version-history":[{"count":19,"href":"https:\/\/berangere-musique.fr\/index.php\/wp-json\/wp\/v2\/pages\/632\/revisions"}],"predecessor-version":[{"id":713,"href":"https:\/\/berangere-musique.fr\/index.php\/wp-json\/wp\/v2\/pages\/632\/revisions\/713"}],"wp:attachment":[{"href":"https:\/\/berangere-musique.fr\/index.php\/wp-json\/wp\/v2\/media?parent=632"}],"curies":[{"name":"wp","href":"https:\/\/api.w.org\/{rel}","templated":true}]}}