{"id":525,"date":"2025-07-02T17:41:38","date_gmt":"2025-07-02T15:41:38","guid":{"rendered":"http:\/\/oqhyudr.cluster100.hosting.ovh.net\/?page_id=525"},"modified":"2026-03-24T12:23:43","modified_gmt":"2026-03-24T11:23:43","slug":"tarifs","status":"publish","type":"page","link":"https:\/\/berangere-musique.fr\/index.php\/tarifs\/","title":{"rendered":"Tarifs"},"content":{"rendered":"\t\t<div data-elementor-type=\"wp-page\" data-elementor-id=\"525\" class=\"elementor elementor-525\">\n\t\t\t\t<div class=\"elementor-element elementor-element-59a8d6a9 e-flex e-con-boxed e-con e-parent\" data-id=\"59a8d6a9\" data-element_type=\"container\">\n\t\t\t\t\t<div class=\"e-con-inner\">\n\t\t\t\t<div class=\"elementor-element elementor-element-40961800 elementor-widget elementor-widget-text-editor\" data-id=\"40961800\" data-element_type=\"widget\" data-widget_type=\"text-editor.default\">\n\t\t\t\t\t\t\t\t\t\n<p><strong><span style=\"text-decoration: underline;\">Cours d&rsquo;instruments<\/span><\/strong>: 30\u00a0 euros TTC\/heure (carnet 10 cours pour 265 euros TTC).<\/p>\n\n<p><span style=\"text-decoration: underline;\"><strong>1 S\u00e9ance de une heure de musicoth\u00e9rapie<\/strong><\/span>: 60 euros\u00a0 TTC\/heure. (inclu l&rsquo;entretien, les pr\u00e9parations de s\u00e9ances, le mat\u00e9riel, les d\u00e9placements et les bilans).<\/p>\n<p><span style=\"text-decoration: underline;\"><strong>Prestation d&rsquo;1h30 de concert solo Souffle nomade:<\/strong><\/span> entre 150 et 400 euros TTC. <\/p>\n<p>\u00a0<\/p>\n\n<p>\u00a0<\/p>\n\t\t\t\t\t\t\t\t<\/div>\n\t\t\t\t\t<\/div>\n\t\t\t\t<\/div>\n\t\t\t\t<\/div>\n\t\t","protected":false},"excerpt":{"rendered":"<p>Cours d&rsquo;instruments: 30\u00a0 euros TTC\/heure (carnet 10 cours pour 265 euros TTC). 1 S\u00e9ance de une heure de musicoth\u00e9rapie: 60 euros\u00a0 TTC\/heure. (inclu l&rsquo;entretien, les pr\u00e9parations de s\u00e9ances, le mat\u00e9riel, les d\u00e9placements et les bilans). Prestation d&rsquo;1h30 de concert solo Souffle nomade: entre 150 et 400 euros TTC. \u00a0 \u00a0<\/p>\n","protected":false},"author":1,"featured_media":0,"parent":0,"menu_order":0,"comment_status":"closed","ping_status":"closed","template":"","meta":{"footnotes":""},"class_list":["post-525","page","type-page","status-publish","hentry"],"_links":{"self":[{"href":"https:\/\/berangere-musique.fr\/index.php\/wp-json\/wp\/v2\/pages\/525","targetHints":{"allow":["GET"]}}],"collection":[{"href":"https:\/\/berangere-musique.fr\/index.php\/wp-json\/wp\/v2\/pages"}],"about":[{"href":"https:\/\/berangere-musique.fr\/index.php\/wp-json\/wp\/v2\/types\/page"}],"author":[{"embeddable":true,"href":"https:\/\/berangere-musique.fr\/index.php\/wp-json\/wp\/v2\/users\/1"}],"replies":[{"embeddable":true,"href":"https:\/\/berangere-musique.fr\/index.php\/wp-json\/wp\/v2\/comments?post=525"}],"version-history":[{"count":17,"href":"https:\/\/berangere-musique.fr\/index.php\/wp-json\/wp\/v2\/pages\/525\/revisions"}],"predecessor-version":[{"id":820,"href":"https:\/\/berangere-musique.fr\/index.php\/wp-json\/wp\/v2\/pages\/525\/revisions\/820"}],"wp:attachment":[{"href":"https:\/\/berangere-musique.fr\/index.php\/wp-json\/wp\/v2\/media?parent=525"}],"curies":[{"name":"wp","href":"https:\/\/api.w.org\/{rel}","templated":true}]}}