{"id":383,"date":"2025-06-14T15:02:21","date_gmt":"2025-06-14T13:02:21","guid":{"rendered":"http:\/\/oqhyudr.cluster100.hosting.ovh.net\/?page_id=383"},"modified":"2025-08-14T10:04:34","modified_gmt":"2025-08-14T08:04:34","slug":"cours-de-batterie","status":"publish","type":"page","link":"https:\/\/berangere-musique.fr\/index.php\/cours-de-batterie\/","title":{"rendered":"Cours de batterie"},"content":{"rendered":"\t\t<div data-elementor-type=\"wp-page\" data-elementor-id=\"383\" class=\"elementor elementor-383\">\n\t\t\t\t<div class=\"elementor-element elementor-element-389bee0e e-con-full e-flex e-con e-parent\" data-id=\"389bee0e\" data-element_type=\"container\">\n\t\t\t\t<div class=\"elementor-element elementor-element-1b00a737 elementor-widget elementor-widget-text-editor\" data-id=\"1b00a737\" data-element_type=\"widget\" data-widget_type=\"text-editor.default\">\n\t\t\t\t\t\t\t\t\t\n<figure class=\"wp-block-image size-large\"><img decoding=\"async\" class=\"wp-image-470 aligncenter\" src=\"http:\/\/oqhyudr.cluster100.hosting.ovh.net\/wp-content\/uploads\/2025\/06\/DSC09585-1024x683.jpg\" alt=\"\" width=\"248\" height=\"166\" srcset=\"https:\/\/berangere-musique.fr\/wp-content\/uploads\/2025\/06\/DSC09585-1024x683.jpg 1024w, https:\/\/berangere-musique.fr\/wp-content\/uploads\/2025\/06\/DSC09585-300x200.jpg 300w, https:\/\/berangere-musique.fr\/wp-content\/uploads\/2025\/06\/DSC09585-768x512.jpg 768w, https:\/\/berangere-musique.fr\/wp-content\/uploads\/2025\/06\/DSC09585-1536x1024.jpg 1536w, https:\/\/berangere-musique.fr\/wp-content\/uploads\/2025\/06\/DSC09585-2048x1365.jpg 2048w\" sizes=\"(max-width: 248px) 100vw, 248px\" \/><\/figure>\n\n<p style=\"text-align: left;\">Depuis 2003 je joue de la batterie dans diff\u00e9rents groupes avec des esth\u00e9tiques musicales diff\u00e9rentes (rock, jazz, soul\/rnb, chanson).<\/p>\n<p style=\"text-align: left;\"><\/p>\n<p style=\"text-align: left;\">Le rythme est un \u00e9l\u00e9ment tellement important dans la musique que je l&rsquo;utilise dans tout mes cours d&rsquo;instruments.<\/p>\n<p style=\"text-align: left;\"><\/p>\n<p style=\"text-align: left;\">Concernant les cours de batterie, plusieurs m\u00e9thodes sont utilis\u00e9s (apprentissage \u00e9crit et oral).<\/p>\n<p style=\"text-align: left;\"><\/p>\n<p style=\"text-align: left;\">Accompagnement avec basse et ou piano\/guitare\/accord\u00e9on.<\/p>\n<p style=\"text-align: left;\"><\/p>\n<p style=\"text-align: left;\">Possibilit\u00e9 de se produire sur sc\u00e8ne en cours d&rsquo;ann\u00e9e.<\/p>\n<p>\u00a0<\/p>\n\n<h6><span style=\"text-decoration: underline;\"><strong>Tarifs:<\/strong><\/span><\/h6>\n<ul>\n<li>\n<h6><strong>30 minutes<\/strong>\/15 euros<\/h6>\n<\/li>\n<li>\n<h6><strong>1h\/ 30 euros<br \/><\/strong><\/h6>\n<\/li>\n<li>\n<h6><strong>cartes 10 cours pour 265 euros.<br \/><\/strong><\/h6>\n<\/li>\n<li>\n<h6>(<strong>1h de<\/strong> <strong>cours d&rsquo;instrument + 1h de classe d&rsquo;ensemble 570 euros par an<\/strong>).<\/h6>\n<\/li>\n<li>\n<h6>Des stages seront propos\u00e9s tout au long de l&rsquo;ann\u00e9e.<\/h6>\n<\/li>\n<\/ul>\n<p>\u00a0<\/p>\n\t\t\t\t\t\t\t\t<\/div>\n\t\t\t\t<\/div>\n\t\t<div class=\"elementor-element elementor-element-4788c4d e-flex e-con-boxed e-con e-parent\" data-id=\"4788c4d\" data-element_type=\"container\">\n\t\t\t\t\t<div class=\"e-con-inner\">\n\t\t\t\t\t<\/div>\n\t\t\t\t<\/div>\n\t\t\t\t<\/div>\n\t\t","protected":false},"excerpt":{"rendered":"<p>Depuis 2003 je joue de la batterie dans diff\u00e9rents groupes avec des esth\u00e9tiques musicales diff\u00e9rentes (rock, jazz, soul\/rnb, chanson). Le rythme est un \u00e9l\u00e9ment tellement important dans la musique que je l&rsquo;utilise dans tout mes cours d&rsquo;instruments. Concernant les cours de batterie, plusieurs m\u00e9thodes sont utilis\u00e9s (apprentissage \u00e9crit et oral). Accompagnement avec basse et ou [&hellip;]<\/p>\n","protected":false},"author":1,"featured_media":0,"parent":0,"menu_order":0,"comment_status":"closed","ping_status":"closed","template":"","meta":{"footnotes":""},"class_list":["post-383","page","type-page","status-publish","hentry"],"_links":{"self":[{"href":"https:\/\/berangere-musique.fr\/index.php\/wp-json\/wp\/v2\/pages\/383","targetHints":{"allow":["GET"]}}],"collection":[{"href":"https:\/\/berangere-musique.fr\/index.php\/wp-json\/wp\/v2\/pages"}],"about":[{"href":"https:\/\/berangere-musique.fr\/index.php\/wp-json\/wp\/v2\/types\/page"}],"author":[{"embeddable":true,"href":"https:\/\/berangere-musique.fr\/index.php\/wp-json\/wp\/v2\/users\/1"}],"replies":[{"embeddable":true,"href":"https:\/\/berangere-musique.fr\/index.php\/wp-json\/wp\/v2\/comments?post=383"}],"version-history":[{"count":26,"href":"https:\/\/berangere-musique.fr\/index.php\/wp-json\/wp\/v2\/pages\/383\/revisions"}],"predecessor-version":[{"id":762,"href":"https:\/\/berangere-musique.fr\/index.php\/wp-json\/wp\/v2\/pages\/383\/revisions\/762"}],"wp:attachment":[{"href":"https:\/\/berangere-musique.fr\/index.php\/wp-json\/wp\/v2\/media?parent=383"}],"curies":[{"name":"wp","href":"https:\/\/api.w.org\/{rel}","templated":true}]}}